**3 + 4*w**2 - 8*w - 4. What is the tens digit of p(l)?
1
Suppose 5*v = -n + 13, 3*v + 5*n - 21 = -0*v. Suppose 2*a + v*a + 3*r = 1393, -3*r = a - 337. Suppose -6*f + a = 10. What is the tens digit of f?
5
Let f = 315 - 311. Let u(w) = 10*w**2 - 7*w - 2. Let h be u(5). Suppose 355 = 5*v - f*m, -2*v + 5*v - 5*m = h. What is the tens digit of v?
7
Let d be 79/(-2) + (-15)/(-30). Let a be (0 - 3)*286/d. Let p = 71 - a. What is the tens digit of p?
4
Let o be 6 - (-3)/((-12)/8). Suppose o*j - 294 + 114 = 0. Suppose -1 = m, 2*x - m - j = 2. What is the tens digit of x?
2
Suppose -777 + 162 = -i - z, -2*i + z + 1221 = 0. What is the units digit of i?
2
Let s(k) = k**2 - k + 2. Let y be s(-3). Suppose 3 + 5 = 2*u, -5*u = -3*q - y. Suppose q*z - 14 + 6 = 0. What is the units digit of z?
4
What is the thousands digit of -4652*(0 + (-5)/20)*2?
2
Suppose 28*q - 2*b = 33*q - 5896, 2*q = -5*b + 2371. What is the tens digit of q?
7
Let m = -43 - -77. Let k = -11 + m. Let n = 28 - k. What is the units digit of n?
5
Let x(p) = -29*p - 1. Let n = -30 - -26. Let r be x(n). Let f = -62 + r. What is the units digit of f?
3
Suppose 0 = -s - 3*q + 3048, 2*s + 3*q = -0*s + 6096. What is the thousands digit of s?
3
Suppose -4*g + 426 = 2*g. Suppose 4*m + 125 + 87 = 4*q, g = 2*q + 5*m. What is the tens digit of q?
4
Suppose 5*m = 0, -2*s + 4*m + 690 = -416. What is the tens digit of s?
5
Let d(o) = -o**3 + 5*o**2 + o + 6. Let p = 1 - 5. Let y be ((-10)/p)/((-9)/(-18)). What is the units digit of d(y)?
1
Suppose -6 = -4*m + 2. Suppose 0*a = -a - w + 58, 4*w = m*a - 92. What is the units digit of a?
4
Suppose -3*c + 23 = 2*z, 5*z = -0*c - c - 14. Suppose -c = -4*x - 35. What is the units digit of x/(-3) - -2 - -34?
8
Let p = 1904 + 390. What is the thousands digit of p?
2
Suppose 4*d = -3*l + 2732, 47*d - 4530 = -5*l + 45*d. What is the hundreds digit of l?
9
Suppose 2*d = -9 - 1, 0 = -3*x + 5*d - 53. Let u be 9/4*(24 - 4). Let i = u + x. What is the tens digit of i?
1
Let c = -74 + -35. Let s = -15 - c. What is the tens digit of 3/(-2) - s/(-4)?
2
Let d = 169 + -128. What is the tens digit of d?
4
Suppose -300 = -5*y - 85. Suppose -856 = -3*m - y. What is the units digit of m?
1
Let s be (1 - (-17 + 2)) + 1. Suppose 48*r - 53*r - 45 = 0. Let f = r + s. What is the units digit of f?
8
Let n be (-600)/42 - 4/(-14). Let r = -11 - n. What is the tens digit of r/4 + 141/4?
3
Suppose 30*d - 1581 - 2589 = 0. What is the hundreds digit of d?
1
Suppose -2*b + 184 = 3*t, 5*b + 7*t = 6*t + 473. What is the units digit of b?
5
Suppose -3*q - 1044 = -9*q. Suppose q = j - 79. What is the units digit of j?
3
Suppose 151 = 5*b - 1474. Let h = 587 - b. What is the hundreds digit of h?
2
Let s be (-6)/33 - (-122)/(-44)*-118. Suppose s = 6*p - 729. What is the hundreds digit of p?
1
Let s = -11 - -13. Let i be (1 + 1)/(1/s). Let u(g) = -g**2 + 5*g. What is the units digit of u(i)?
4
Let l(s) be the third derivative of -28*s**4/3 + 39*s**2. What is the units digit of l(-1)?
4
Suppose 0*k + 5*k = 100. Let y be 6/5*k/(-8). What is the tens digit of y/(-21) - 684/(-14)?
4
Let t(i) = i**3 - 5*i**2 - 2*i + 5. Let m be t(6). Let o(u) = -u**3 - 4*u**2 + 10*u - 45. Let p be o(-7). Let s = p - m. What is the units digit of s?
3
Suppose 3393 + 2087 = 10*j. What is the hundreds digit of j?
5
Let l = 71 + -9. Suppose -79 + 378 = 4*u - 5*j, u + 3*j = l. What is the units digit of u?
1
Suppose y - 2*u = -3*y + 3522, -2*y + 1773 = 3*u. What is the tens digit of y?
8
Let y(v) = 3*v**2 + 59*v + 56. What is the units digit of y(-28)?
6
Let q be (-116)/8 - (-2)/(-4). Let w be 1*q/(-12)*4. Suppose 2 = c - h, 3*c - w*h = 2 + 2. What is the units digit of c?
3
Let p = 3153 - 1902. What is the units digit of p?
1
Suppose 4*n + 3*s - 1786 = 0, 8*n - 4*n = -5*s + 1782. What is the units digit of n?
8
Let y(z) = 3 + 29 + 97*z - 98*z - 3. What is the tens digit of y(-10)?
3
Let h = 63 + -63. Suppose -369 = -9*o - h*o. What is the tens digit of o?
4
Suppose -k = -3*k + 10. Suppose r - k*r = w + 42, -2*w - 102 = -r. What is the tens digit of (1 + -31)*20/w?
1
Suppose 7*h = -3*p + 2*h - 480, -4*h + 12 = 0. Let d = 243 + p. Suppose -4*f + d = -j + 3*j, 4*f = 3*j - 97. What is the units digit of j?
5
Let y(a) = -a + 104. Let v be y(30). Let p = v + 62. What is the tens digit of p?
3
Let z(n) = 46*n - 5. Let f(m) = -15*m + 2. Let l(g) = -8*f(g) - 3*z(g). Suppose 0 = 5*t + 5, 3*t + 6 = -5*c + 7*t. What is the units digit of l(c)?
5
Let y = -30 - -31. Suppose -y = -5*k - 31. Let a(q) = q**3 + 8*q**2 + 3*q + 1. What is the units digit of a(k)?
5
Suppose -5 - 7 = -2*b. Suppose -4*f = -6*f + b. What is the units digit of f + (3 - 2) + 17?
1
Suppose 3*c + 2055 = 2*i, -4*c - 2262 = -4*i + 1842. What is the units digit of i?
3
Let v(m) = m**2 + 8*m - 12. Let y(k) = -k**3 - 16*k**2 - 16*k - 33. Let z be y(-15). What is the hundreds digit of v(z)?
1
Let g(b) = -2917*b**3 + 2*b**2 - 20*b - 20. What is the hundreds digit of g(-1)?
9
Suppose 0 = 5*b - 25. Suppose -3*a - 3*d + 231 = 0, -350 = -b*a - d + 3*d. What is the units digit of a?
2
Suppose 508*x = 501*x + 8344. What is the hundreds digit of x?
1
Suppose r + 48 = l - 3*r, 0 = -5*l - 4*r + 216. Let i = 19 + -21. Let b = i + l. What is the tens digit of b?
4
Let p be (-3 - -4)*(-16)/1. Let h = p - -31. What is the tens digit of h?
1
Suppose 0 = 10*w - 7*w. Suppose 6*t - 2*t = w. Suppose 6*h - h - 235 = t. What is the units digit of h?
7
Suppose 0 = -k + 3*a + 472, 440 = -46*k + 47*k + 5*a. What is the units digit of k?
0
Suppose -2*r - 22 = 3*d - 7*d, -1 = 3*r + 2*d. Let w be 2*((-9)/(-2) + r). Suppose -3*g + 66 = -q, 31 = -w*g + 2*q + 94. What is the units digit of g?
3
Let h(o) = 3*o**3 + 20*o**2 + 3*o + 7. What is the tens digit of h(-6)?
6
Let d = 2 + 3. Suppose -2*w = -3*x + 98, -x = -d*x + w + 124. Let h = -11 + x. What is the units digit of h?
9
Suppose 3*m = -5*p + 170, 2*p - 4*m - 11 = p. Suppose -4*d + 7 = p. What is the tens digit of 1/1*(5 - d)?
1
Suppose -50*x = -22*x - 25648. What is the units digit of x?
6
Let f = 80 - 65. Let u(g) = -g**2 + 18*g + 9. What is the tens digit of u(f)?
5
Suppose -11530 = -9*w + 4*w - 5*u, 5*w = 2*u + 11509. What is the units digit of w?
3
Let x = -686 - -923. What is the hundreds digit of x?
2
Suppose -15 = -9*w + 4*w. Suppose u + w*u = 68. What is the units digit of u?
7
Suppose 545*k - 5476 = 541*k. What is the tens digit of k?
6
Let o(l) = -2*l**3 - 26*l**2 + 5. Let y be o(-13). Suppose 2*i = 2*d + 390, y*i - 3*d - 306 - 667 = 0. What is the tens digit of i?
9
Let y(l) = l**3 - 22*l**2 - 18*l - 22. Suppose 0 = -2*v + 13 + 33. What is the tens digit of y(v)?
9
Let m(w) = -w**3 + 16*w**2 - 26*w + 19. What is the tens digit of m(9)?
5
Let g(f) = 3*f - f**2 - 6*f**2 + 9*f**2 - 9*f + 6. Suppose 5*n - 4*v - 23 = 0, 2*v = 3*n - 5 - 8. What is the units digit of g(n)?
6
What is the units digit of (2/4)/(5/690)?
9
Suppose 6*y + 11 = -79. Let r = y - 0. Let q = 43 + r. What is the tens digit of q?
2
Let o = 386 - 384. Suppose z + 5*b = -0*b + 91, -b + 5 = 0. Suppose 0 = -t - c + 18, o*c = -5*t + 3*c + z. What is the units digit of t?
4
Let k(l) = 5*l**3 - 5*l**2 + 8*l. What is the units digit of k(4)?
2
Let q = 95 - 92. Suppose -q*b + 600 = 3*b. What is the hundreds digit of b?
1
Suppose 13*k + 10884 = 38938. What is the tens digit of k?
5
Let r(c) = -c**3 + 11*c**2 - 17*c - 14. Let d be r(8). Suppose 0 = 50*s - d*s - 1288. What is the units digit of s?
1
Let t(h) = -6 - 5 + h + 0 + 4. Let n be t(10). What is the units digit of 3*n/(-6)*-12?
8
Let b be 30/((-12)/(-8) + 0). Let d = -17 + b. What is the units digit of (-2 + 0)/((-2)/d)?
3
Suppose 0 = -4*w, 4*b + 464 = 2*w + 1372. What is the hundreds digit of b?
2
Suppose 0 = 5*u - 20, 2*u = 2*a - 0*a + 28. Let z = a - -13. What is the tens digit of 34 - (0 - (-7 + z))?
3
What is the units digit of ((-12)/18)/(5/(-2505))?
4
Suppose -5*s + 1348 = f - 3118, -f + 4466 = 3*s. What is the units digit of f?
6
Suppose 2*r = 0, r - 922 - 155 = -3*j. What is the units digit of j?
9
Suppose 162 = 2*x + 12. Suppose 2*z = -5*f + 271 - x, 4*z = -3*f + 126. What is the units digit of f?
8
Let o(y) be the first derivative of y**4/4 + 4*y**3/3 - 7*y**2/2 + 10*y - 10. What is the tens digit of o(-5)?
2
Le